{"id":4469,"date":"2025-09-08T11:56:48","date_gmt":"2025-09-08T09:56:48","guid":{"rendered":"https:\/\/manuevasion.com\/?page_id=4469"},"modified":"2025-09-08T19:20:37","modified_gmt":"2025-09-08T17:20:37","slug":"2024-2","status":"publish","type":"page","link":"https:\/\/manuevasion.com\/?page_id=4469","title":{"rendered":"2024"},"content":{"rendered":"\n<div style=\"border: 3px solid red; background: yellow; padding: 10px; width: fit-content; font-family: Arial Black;\">\n  <div style=\"font-size: 24px; text-align: center;\">\u26a0\ufe0f ATTENTION<\/div>\n  <marquee behavior=\"scroll\" direction=\"left\" style=\"font-size: 16px;\">\n    Utilisation des photos : Les images disponibles sur manuevasion.com peuvent \u00eatre t\u00e9l\u00e9charg\u00e9es uniquement \u00e0 usage priv\u00e9.\n    Toute diffusion sur les r\u00e9seaux sociaux ou autre plateforme publique est strictement interdite.\n    Merci de respecter ce cadre.\n  <\/marquee>\n<\/div>\n\n\n\n<h2 class=\"wp-block-heading\">Groupe Cap-Vert 2024<\/h2>\n\n\n\n<figure class=\"wp-block-gallery has-nested-images columns-default is-cropped wp-block-gallery-1 is-layout-flex wp-block-gallery-is-layout-flex\">\n<figure class=\"wp-block-image size-large is-style-zoooom\"><img loading=\"lazy\" decoding=\"async\" width=\"1024\" height=\"758\" data-id=\"4491\" src=\"https:\/\/manuevasion.com\/wp-content\/uploads\/2025\/09\/WhatsApp-Image-2024-10-30-a-12.53.32_1cc15b7b-1-1024x758.jpg\" alt=\"\" class=\"wp-image-4491\" srcset=\"https:\/\/manuevasion.com\/wp-content\/uploads\/2025\/09\/WhatsApp-Image-2024-10-30-a-12.53.32_1cc15b7b-1-1024x758.jpg 1024w, https:\/\/manuevasion.com\/wp-content\/uploads\/2025\/09\/WhatsApp-Image-2024-10-30-a-12.53.32_1cc15b7b-1-300x222.jpg 300w, https:\/\/manuevasion.com\/wp-content\/uploads\/2025\/09\/WhatsApp-Image-2024-10-30-a-12.53.32_1cc15b7b-1-768x569.jpg 768w, https:\/\/manuevasion.com\/wp-content\/uploads\/2025\/09\/WhatsApp-Image-2024-10-30-a-12.53.32_1cc15b7b-1-1536x1138.jpg 1536w, https:\/\/manuevasion.com\/wp-content\/uploads\/2025\/09\/WhatsApp-Image-2024-10-30-a-12.53.32_1cc15b7b-1.jpg 1600w\" sizes=\"auto, (max-width: 1024px) 100vw, 1024px\" \/><\/figure>\n<\/figure>\n\n\n\n<div style=\"height:100px\" aria-hidden=\"true\" class=\"wp-block-spacer\"><\/div>\n\n\n\n<h2 class=\"wp-block-heading\">Groupe Maroc 2024<\/h2>\n\n\n\n<figure class=\"wp-block-gallery has-nested-images columns-default is-cropped wp-block-gallery-2 is-layout-flex wp-block-gallery-is-layout-flex\">\n<figure class=\"wp-block-image size-large is-style-zoooom\"><img loading=\"lazy\" decoding=\"async\" width=\"1024\" height=\"680\" data-id=\"4492\" src=\"https:\/\/manuevasion.com\/wp-content\/uploads\/2025\/09\/groupe-Maroc-2024-1-1024x680.jpg\" alt=\"\" class=\"wp-image-4492\" srcset=\"https:\/\/manuevasion.com\/wp-content\/uploads\/2025\/09\/groupe-Maroc-2024-1-1024x680.jpg 1024w, https:\/\/manuevasion.com\/wp-content\/uploads\/2025\/09\/groupe-Maroc-2024-1-300x199.jpg 300w, https:\/\/manuevasion.com\/wp-content\/uploads\/2025\/09\/groupe-Maroc-2024-1-768x510.jpg 768w, https:\/\/manuevasion.com\/wp-content\/uploads\/2025\/09\/groupe-Maroc-2024-1-1536x1020.jpg 1536w, https:\/\/manuevasion.com\/wp-content\/uploads\/2025\/09\/groupe-Maroc-2024-1-2048x1360.jpg 2048w\" sizes=\"auto, (max-width: 1024px) 100vw, 1024px\" \/><\/figure>\n<\/figure>\n\n\n\n<figure class=\"wp-block-gallery has-nested-images columns-default is-cropped wp-block-gallery-3 is-layout-flex wp-block-gallery-is-layout-flex\">\n<figure class=\"wp-block-image size-large\"><img loading=\"lazy\" decoding=\"async\" width=\"769\" height=\"1024\" data-id=\"4500\" src=\"https:\/\/manuevasion.com\/wp-content\/uploads\/2025\/09\/Maroc-2024-1-769x1024.jpg\" alt=\"\" class=\"wp-image-4500\" srcset=\"https:\/\/manuevasion.com\/wp-content\/uploads\/2025\/09\/Maroc-2024-1-769x1024.jpg 769w, https:\/\/manuevasion.com\/wp-content\/uploads\/2025\/09\/Maroc-2024-1-225x300.jpg 225w, https:\/\/manuevasion.com\/wp-content\/uploads\/2025\/09\/Maroc-2024-1-768x1023.jpg 768w, https:\/\/manuevasion.com\/wp-content\/uploads\/2025\/09\/Maroc-2024-1-1153x1536.jpg 1153w, https:\/\/manuevasion.com\/wp-content\/uploads\/2025\/09\/Maroc-2024-1-1538x2048.jpg 1538w, https:\/\/manuevasion.com\/wp-content\/uploads\/2025\/09\/Maroc-2024-1-scaled.jpg 1922w\" sizes=\"auto, (max-width: 769px) 100vw, 769px\" \/><\/figure>\n\n\n\n<figure class=\"wp-block-image size-large\"><img loading=\"lazy\" decoding=\"async\" width=\"769\" height=\"1024\" data-id=\"4497\" src=\"https:\/\/manuevasion.com\/wp-content\/uploads\/2025\/09\/Maroc-2-1-769x1024.jpg\" alt=\"\" class=\"wp-image-4497\" srcset=\"https:\/\/manuevasion.com\/wp-content\/uploads\/2025\/09\/Maroc-2-1-769x1024.jpg 769w, https:\/\/manuevasion.com\/wp-content\/uploads\/2025\/09\/Maroc-2-1-225x300.jpg 225w, https:\/\/manuevasion.com\/wp-content\/uploads\/2025\/09\/Maroc-2-1-768x1023.jpg 768w, https:\/\/manuevasion.com\/wp-content\/uploads\/2025\/09\/Maroc-2-1-1153x1536.jpg 1153w, https:\/\/manuevasion.com\/wp-content\/uploads\/2025\/09\/Maroc-2-1-1538x2048.jpg 1538w, https:\/\/manuevasion.com\/wp-content\/uploads\/2025\/09\/Maroc-2-1-scaled.jpg 1922w\" sizes=\"auto, (max-width: 769px) 100vw, 769px\" \/><\/figure>\n\n\n\n<figure class=\"wp-block-image size-large\"><img loading=\"lazy\" decoding=\"async\" width=\"769\" height=\"1024\" data-id=\"4499\" src=\"https:\/\/manuevasion.com\/wp-content\/uploads\/2025\/09\/Maroc-2024-3-1-769x1024.jpg\" alt=\"\" class=\"wp-image-4499\" srcset=\"https:\/\/manuevasion.com\/wp-content\/uploads\/2025\/09\/Maroc-2024-3-1-769x1024.jpg 769w, https:\/\/manuevasion.com\/wp-content\/uploads\/2025\/09\/Maroc-2024-3-1-225x300.jpg 225w, https:\/\/manuevasion.com\/wp-content\/uploads\/2025\/09\/Maroc-2024-3-1-768x1023.jpg 768w, https:\/\/manuevasion.com\/wp-content\/uploads\/2025\/09\/Maroc-2024-3-1-1153x1536.jpg 1153w, https:\/\/manuevasion.com\/wp-content\/uploads\/2025\/09\/Maroc-2024-3-1-1538x2048.jpg 1538w, https:\/\/manuevasion.com\/wp-content\/uploads\/2025\/09\/Maroc-2024-3-1-scaled.jpg 1922w\" sizes=\"auto, (max-width: 769px) 100vw, 769px\" \/><\/figure>\n<\/figure>\n<!--CusAds0-->\n<div style=\"font-size: 0px; height: 0px; line-height: 0px; margin: 0; padding: 0; clear: both;\"><\/div>","protected":false},"excerpt":{"rendered":"<p>\u26a0\ufe0f ATTENTION Utilisation des photos : Les images disponibles sur manuevasion.com peuvent \u00eatre t\u00e9l\u00e9charg\u00e9es uniquement \u00e0 usage priv\u00e9. Toute diffusion sur les r\u00e9seaux sociaux ou autre plateforme publique est strictement interdite. Merci de respecter ce cadre. Groupe Cap-Vert 2024 Groupe Maroc 2024<\/p>\n","protected":false},"author":1,"featured_media":0,"parent":0,"menu_order":0,"comment_status":"open","ping_status":"closed","template":"","meta":{"_themeisle_gutenberg_block_has_review":false,"h5ap_radio_sources":[],"footnotes":""},"class_list":["post-4469","page","type-page","status-publish","hentry","without-featured-image"],"_links":{"self":[{"href":"https:\/\/manuevasion.com\/index.php?rest_route=\/wp\/v2\/pages\/4469","targetHints":{"allow":["GET"]}}],"collection":[{"href":"https:\/\/manuevasion.com\/index.php?rest_route=\/wp\/v2\/pages"}],"about":[{"href":"https:\/\/manuevasion.com\/index.php?rest_route=\/wp\/v2\/types\/page"}],"author":[{"embeddable":true,"href":"https:\/\/manuevasion.com\/index.php?rest_route=\/wp\/v2\/users\/1"}],"replies":[{"embeddable":true,"href":"https:\/\/manuevasion.com\/index.php?rest_route=%2Fwp%2Fv2%2Fcomments&post=4469"}],"version-history":[{"count":0,"href":"https:\/\/manuevasion.com\/index.php?rest_route=\/wp\/v2\/pages\/4469\/revisions"}],"wp:attachment":[{"href":"https:\/\/manuevasion.com\/index.php?rest_route=%2Fwp%2Fv2%2Fmedia&parent=4469"}],"curies":[{"name":"wp","href":"https:\/\/api.w.org\/{rel}","templated":true}]}}